?
4
Suppose 0 - 2 = -2*a, 203 = 4*w - 5*a. Let k(v) = -v**2 + 202*v + 412. Let j be k(-2). What is the greatest common factor of j and w?
4
Let b be 2/(-16)*-22*-4. Let x = b - -12. What is the greatest common divisor of 8 and x?
1
Let s(g) = 2*g**2 - 4 - g**2 - 9*g - 2*g**2. Suppose 0 = 4*c + 2*c + 36. Let y be s(c). Calculate the highest common divisor of 2 and y.
2
Let w(g) = -g**3 + 8*g**2 - 9*g + 24. Let h be w(6). What is the highest common divisor of h and 12?
6
Let f be 2/12 + (-4)/((-144)/894). Calculate the highest common factor of f and 2.
1
Let w be (-2 - 2*-341) + (-20)/(-10). What is the greatest common divisor of w and 62?
62
Let p = 432 + -245. Calculate the highest common divisor of 17 and p.
17
Let a(v) = 15*v**2 - 31*v + 62. Let s be a(2). What is the greatest common divisor of s and 16?
4
Let p = 2 - 1. Let k = p - -1. Suppose -18 = -j - n, -k*n = -4*j - 0*n + 96. What is the highest common factor of j and 22?
22
Suppose v + 20 = 6*v. Suppose 5*w = 10, 3*m + 2*m - v*w = 22. Suppose 8 - 44 = -m*i. Calculate the greatest common divisor of 54 and i.
6
Let p(l) = 2*l - 5. Let d be p(6). Let w = -759 - -773. What is the greatest common factor of d and w?
7
Let r(v) = 4*v. Let m be r(1). Let k = 7 - m. Let d be -6*k/((-27)/3). What is the greatest common divisor of 1 and d?
1
Let h(p) = 3*p + 107. Let u be h(21). What is the greatest common factor of 20 and u?
10
Let t(w) = 65*w - 175. Let s be t(10). Calculate the greatest common factor of s and 190.
95
Let j be 3/(-2)*(-16)/(-24). Let b be (2/(-4))/(j/144). Let x be b/5 + (-6)/(-10). Calculate the greatest common divisor of x and 15.
15
Let t be (8 + 0)*(-18)/(-4). Let l = t + 29. Suppose -3*g = 2*g + 4*r - 62, l = 5*g + 5*r. What is the greatest common divisor of 40 and g?
10
Let g be (-2368)/37*(-2)/4. Let q = -842 + 1194. Calculate the greatest common divisor of q and g.
32
Let p(o) = 55*o**2 - 4*o - 2. Let a be p(2). Suppose -3*q + q = -a. What is the greatest common factor of q and 35?
35
Suppose -3*x + 3*j - j = 3, -2*x - 2 = -j. Let v be (-312 - 2)/(x + -1). Let t = 297 - v. What is the highest common divisor of 56 and t?
28
Let t = -26 + 66. Let z be 375/105 + (-9)/(-21). Calculate the greatest common factor of t and z.
4
Let t = -90 - -182. Suppose -3*l + 46 = -l - 2*u, -4*l = -5*u - 92. What is the highest common factor of l and t?
23
Let i be 108/(-48)*(0 - 28). Suppose i + 81 = 4*p. Calculate the greatest common divisor of 24 and p.
12
Suppose -3*t = 2*o - 141, 4*o - 237 = 12*t - 9*t. Calculate the highest common divisor of o and 2.
1
Suppose -21*c = -31*c + 250. Calculate the highest common divisor of 45 and c.
5
Let g(v) = 3*v**3 - 6*v**2 + 5*v - 4. Let z be 5 + (-4 - -6) + -3. Let n be g(z). What is the greatest common factor of 14 and n?
14
Let t be (-2 + (4 - (-40)/(-12)))*-162. Calculate the highest common factor of t and 24.
24
Let l be (-27)/(-63)*-1 - (-450)/21. Let f = 2 + 1. Calculate the highest common divisor of l and f.
3
Suppose k + 6 - 25 = 2*v, -3*k - 4*v = -37. Let z = -583 - -598. Calculate the greatest common factor of z and k.
15
Let j(r) = 2*r**3 - 10*r**2 - 11*r + 8. Let g be j(6). What is the highest common divisor of g and 42?
14
Let t(q) = -8 + 4 - 1 - 3*q. Let h be t(-4). Let u be (13/4 + -1)/(50/1400). What is the greatest common divisor of h and u?
7
Let o = -200 + 202. What is the highest common factor of o and 2?
2
Suppose -8*l = -4*l. Suppose 5*u + 0*u - 65 = l. Let v = u - -67. Calculate the highest common factor of 16 and v.
16
Suppose -h - 5 = -40. What is the highest common factor of 56 and h?
7
Suppose 88*z - 151 = 1697. What is the greatest common divisor of 7 and z?
7
Suppose -8*c = 316 - 828. What is the highest common divisor of 4 and c?
4
Suppose -5*z + 0 = -5*k + 5, -k - z = -7. Suppose 955 = 2*v - f, k*f + 2 = -2. Calculate the highest common factor of v and 53.
53
Let s(h) = 2*h**2 + 4*h - 1. Let m be s(-4). Suppose -y + m + 7 = 0. Calculate the greatest common factor of 55 and y.
11
Suppose v - 761 = -3*t, 2*v + t - 1494 = 2*t. Calculate the greatest common factor of 7 and v.
7
Suppose 5 = 28*q - 27*q. Let b be 1/4 - (-297)/12. What is the highest common divisor of b and q?
5
Let n = -86 - -122. Let z(i) = -i**2 - 13*i - 5. Let t be z(-6). Let g = t - 28. What is the greatest common divisor of g and n?
9
Suppose 5*z - 2*z = 612. Suppose -z = -6*r - 0*r. What is the highest common divisor of r and 340?
34
Suppose 8*b = -7*b + 9735. Calculate the greatest common factor of 59 and b.
59
Let g(m) = 18*m**2 + 2*m - 44 - 25*m + 3*m**3 - 2*m**3. Let o be g(-19). What is the greatest common divisor of 4 and o?
4
Suppose -287 + 31 = -16*y. Calculate the highest common divisor of 76 and y.
4
Suppose 6*w - 35154 = -25*w. Calculate the highest common divisor of 14 and w.
14
Let z(k) = k**3 - 2*k**2 + 2*k + 32. Suppose 0 = -7*s + 6*s. Let m be z(s). Calculate the greatest common divisor of m and 32.
32
Let y be (14 - (-35)/(-7))/1. What is the highest common divisor of 261 and y?
9
Let x = 29 - 20. Suppose 5 - x = -4*m. Suppose -m + 2 = k. Calculate the greatest common factor of k and 8.
1
Let z(p) = -3*p**3 + 38*p**2 + 13*p + 24. Let o be z(13). Calculate the highest common divisor of 108 and o.
12
Suppose -2*x - 2*x + 96 = 0. Calculate the greatest common factor of x and 344.
8
Let u(c) = -9*c**3 - c**3 - 2*c + 0*c**2 - 3*c**2 - 28 + 27. Let m be u(-1). What is the highest common factor of m and 64?
8
Suppose -84 = -4*p - 2*p. Suppose 0 = -0*i + i - 4*q - 50, i - 90 = -4*q. Calculate the highest common divisor of p and i.
14
Suppose -4*c = -c - 9. Suppose 2*g + 315 = 4*s - 3*g, 2*s = -c*g + 141. Suppose -n + s = 4*n. Calculate the highest common divisor of n and 10.
5
Let l = 1 - 1. Let p be (-9)/(-90) - (-769)/10. Suppose l = 3*w + 14 - p. What is the greatest common divisor of w and 189?
21
Let s = -31 - -17. Let o = s - -20. Suppose 6*i = 3*i + o. What is the highest common divisor of 14 and i?
2
Let b be 13/3 - 8/24. Suppose -a = -2*a + b. Let f be (-7)/(14/(-10)) + 39. What is the highest common factor of a and f?
4
Let z be ((-4)/(-6))/(16/1056) - -2. Calculate the greatest common divisor of z and 69.
23
Let c(d) = -d**3 + 8*d**2 - 9*d + 3. Let k be c(6). Let z(f) = 4*f**2 + 2*f - 6. Let v be z(-5). Calculate the greatest common divisor of v and k.
21
Let a(b) = -b**2 + 7*b - 6. Let n be a(6). Suppose n*c - 4 = -c. Suppose 0*z + 16 = 2*z. Calculate the highest common factor of z and c.
4
Let n be (-1585)/(-35)*1 - (-4)/(-14). Suppose 20 = v - 3*f, 3*v - n = -4*f - 11. What is the greatest common divisor of v and 14?
14
Let d(g) = 234*g + 2132. Let t be d(-9). Suppose 0 = 2*b - 6*b - 8. Let p(c) = -33*c - 1. Let a be p(b). What is the highest common divisor of t and a?
13
Let l(v) = 749*v**3 + 5*v**2 - 6*v + 2. Let i be l(1). Calculate the highest common factor of i and 10.
10
Suppose 388 + 566 = 5*d - 4*r, -5*d = -5*r - 955. Suppose -5*p = -210 - d. What is the greatest common factor of p and 16?
16
Let i(d) = -3*d - 6. Let f(n) = -n**2 - 8*n - 10. Let r be f(-7). Let u = r - 1. Let v be i(u). Calculate the highest common factor of 3 and v.
3
Suppose 0 = -5*r - 0*r - 3*x + 6, 4*r - 15 = x. What is the greatest common divisor of 66 and r?
3
Let j be (2 - (-3 + 1 - -189))*-1. Suppose 403 = 4*r - 2*z - j, 5*r + 3*z = 713. What is the greatest common divisor of r and 29?
29
Let x(f) = -f**3 - 2*f**2 - 2*f - 1. Let a be x(-1). Suppose a*d + 360 = 5*d. Let z be (d/(-32))/(1/(-28)). What is the highest common divisor of z and 9?
9
Let h be (3 - 78/(-13))*4. Let g(o) = -o**2 - 8*o + 1. Let i be g(-6). Suppose 5*k = i + 7. What is the greatest common divisor of k and h?
4
Suppose 0 = -8*t + 296 + 344. Calculate the highest common factor of t and 10.
10
Let x be 7*(0 + 3) + 1. Let o be (1 + 14/(-8))/(21/(-588)). Suppose -b = -o - 12. What is the greatest common factor of b and x?
11
Suppose 0 = 4*t - 2*d - 4, -2*d - 8 = -5*t - 2. Suppose 0*o = o, t*z - 2*o - 44 = 0. What is the highest common factor of 11 and z?
11
Let z(l) be the first derivative of 5*l**3/3 + l**2/2 - 4*l + 18. Let q be z(-2). What is the greatest common divisor of 98 and q?
14
Let y be 12/(-9)*3*1 - -19. Let o be 54/1*25/y - 0. Calculate the highest common facto